d + 8. What is the units digit of d?
9
Suppose -19*v + 14*v - 2165 = -3*x, 3*x - 2155 = -5*v. What is the hundreds digit of x?
7
Let r be 3/((-30)/4) - (-544)/(-40). What is the tens digit of r/(-21) - (-439)/3?
4
Suppose 3*x - 5*x = n - 139, n - 352 = -5*x. Suppose 5*v + 54 = -x. Let d = -12 - v. What is the units digit of d?
3
Let w = 32 - 36. What is the tens digit of ((-3)/w)/((-6)/(-744))?
9
Let f(z) = -2 + 5*z + 4 - 2*z**3 - z**2 + 4*z**3 - 4. What is the units digit of f(3)?
8
Suppose -4*b + 2548 = 4*o, -b - 5246 = -5*o - 2079. What is the hundreds digit of o?
6
Let g(n) = -n**2 - 8*n - 7. Let b be g(-7). Suppose -4*j - f - 2*f = -488, b = 4*j - 4*f - 460. What is the units digit of j?
9
Suppose -2*t = -5*t + 1215. Let v = t - 250. What is the tens digit of 1/(-7) + v/7?
2
Suppose 3*g - 268 = g. Let t = 222 - g. Let h = t + -60. What is the units digit of h?
8
Suppose -3*w = -0*w - 54. Suppose 3*f + w = 3. Let l = f + 8. What is the units digit of l?
3
Let u(j) = -j**3 + 12*j**2 + 15*j - 21. Let i be u(13). Suppose -2*d + 257 = -3*a, i*d + 0*a - 632 = 4*a. What is the hundreds digit of d?
1
Suppose 23*l = 22*l - 14. Let h = l - -45. What is the tens digit of h?
3
Suppose 0 = -18*j + 19*j. Suppose j = 23*q - 20*q - 345. What is the hundreds digit of q?
1
Suppose -37*o - 139 = -38*o. What is the tens digit of o?
3
Suppose -4*f + 5*x - 3*x = -4898, -2*f - 5*x + 2419 = 0. What is the tens digit of f?
2
Let k(a) = -6*a + 4. Let b be k(5). Let z = -21 - b. Suppose 0 = z*t + 3*n - 155, -t + 4*n - n + 13 = 0. What is the units digit of t?
8
Let k(r) = -r**3 + 7*r**2 - 3*r + 4. Let h be (-2 - 6/(-3)) + 5. Let m be k(h). What is the units digit of 26/m - 104/(-6)?
8
What is the units digit of -2 + 1 - 3*(-194 - -3)?
2
Suppose c - 165 + 21 = 0. Suppose 0 = -2*d - 6*d + c. What is the units digit of d?
8
Suppose 5*r + 6353 = 9*z - 5*z, 3*r + 6343 = 4*z. What is the thousands digit of z?
1
Let f = 247 + 241. Suppose -4*c + 400 + f = 0. What is the hundreds digit of c?
2
Suppose -426 = -6*v + 156. What is the tens digit of v?
9
Suppose -23 = -6*p + 169. Let d = -30 + p. Suppose -2*n - d*l + 62 = 0, -l = n - 3*l - 31. What is the units digit of n?
1
Let d = 26 + -86. Let y be (d + -1)*(3 - 5). Suppose -m = -3*m + y. What is the units digit of m?
1
Let p(y) = y**2 + 3*y - 3. Let c be p(-5). Let h(b) = 7*b - 2. Let k be h(4). Suppose 0 = -j + c + k. What is the tens digit of j?
3
Let k(j) = 15*j**2 - 10*j - 7. What is the tens digit of k(5)?
1
Suppose -5*z = 9*d - 6*d - 2573, -4*d - 3*z = -3438. What is the units digit of d?
1
Let u(p) = 5*p**3 + 8*p**2 - 24*p - 23. Let w(b) = -4*b**3 - 8*b**2 + 25*b + 22. Let d(j) = 3*u(j) + 4*w(j). What is the units digit of d(-11)?
4
What is the hundreds digit of (-2980)/((-273)/26 + 10)?
9
Let g be 8 + (-1)/((-5)/10). Suppose 13*c = 8*c + g. What is the units digit of c - (-15)/(-10)*-18?
9
Let t(j) = j - 3 + 3 + 4*j**2 - 2. Let z(i) = 4*i + 17. Let n be z(-5). What is the units digit of t(n)?
1
Let h(f) be the first derivative of 44*f**3/3 + 3*f**2/2 - 2*f - 23. What is the tens digit of h(1)?
4
Suppose -13*c = -c - 624. Suppose c*l - 57*l = -530. What is the units digit of l?
6
What is the units digit of 75326/18 - (-52)/234?
5
Let v(j) = -12*j - 22. Suppose -5 + 19 = -b. What is the units digit of v(b)?
6
Suppose -3*l = 2*b - 7, 3*b + 2*b - 6 = 4*l. Suppose p = -3*r - p + 327, -4*p - 234 = -b*r. What is the hundreds digit of r?
1
Let t = 166 - -534. What is the units digit of t?
0
Let g be 2/(-5) + (-46)/(-115). Suppose g = -2*r + 6*r - m - 544, 0 = 5*m. What is the hundreds digit of r?
1
Suppose 4*s - 825 = -5*u - s, s - 1 = 0. What is the hundreds digit of u?
1
Let b(h) = 18*h**2 + 11*h + 53. What is the hundreds digit of b(-13)?
9
Let m = 927 - 372. Let v = m - 382. What is the units digit of v?
3
Let l = 2 + -1. Let h(c) = c**3 + 0 + 8*c**2 - 3*c - 1 - 10 + l. What is the tens digit of h(-8)?
1
Suppose -2970 = -g + 81. What is the thousands digit of g?
3
Let y(a) = a**3 - 5*a**2 + 12*a - 4. Let g be y(5). What is the tens digit of g/(-42)*(-366)/4?
2
What is the hundreds digit of 1 - -328 - (-4)/2?
3
Let z(g) = 39*g**2 + 19*g - 6. What is the units digit of z(-3)?
8
Let f(x) = x**2 + 2*x - 5. Let d be f(-3). Let h(t) = -18*t**3 - 4*t**2 - 3*t - 2. Let i be h(d). Suppose 8*g - 2*g = i. What is the units digit of g?
2
Suppose 3*s - 5*a = 1978, -a + 1 = -3. What is the hundreds digit of s?
6
Suppose 14*m - 13*m - 2 = 0. Suppose f + 0*t = -3*t + 20, -m*t = -6. What is the tens digit of f?
1
Let p(r) = 69*r + 16. Suppose -4 = 5*h - 14. What is the units digit of p(h)?
4
Let f = 1858 - 1606. What is the tens digit of f?
5
What is the hundreds digit of (-222248)/(-65) + 3/(-15)?
4
Suppose 2*f - 3*y = 343, f + 3*y + 0*y - 176 = 0. Let x = -46 + f. What is the hundreds digit of x?
1
Suppose 2*b + 2 = b. What is the hundreds digit of (-4 - -2)/b*101?
1
Suppose -5*h + 0*l - 5*l + 520 = 0, -3*h + l + 312 = 0. What is the hundreds digit of h?
1
Suppose 0 = -3*v - 4*j + 3682, 5*v + 0*j - 6126 = 4*j. What is the thousands digit of v?
1
Let b(j) = -573*j + 8. What is the thousands digit of b(-7)?
4
Suppose -4*z = -57 - 119. Let c be 37/2 + (-22)/z. What is the units digit of (-6)/(-4)*732/c?
1
Suppose 47*d - 17273 = 24*d. What is the units digit of d?
1
Suppose -4*s + 3992 = 2*b - 5*s, -2*s - 8 = 0. What is the thousands digit of b?
1
Suppose -518 = -2*w + 2*f, 0*w = -5*w + 4*f + 1291. Suppose 900 - w = -5*s. Let p = -60 - s. What is the units digit of p?
9
Let m be (-807)/(1*9/(-12)). Suppose 4*w = m - 348. Suppose 6*b - w = b + 4*t, -117 = -3*b + 5*t. What is the tens digit of b?
3
Let b = 859 + -482. What is the tens digit of b?
7
Suppose 32984 = 17*i - 26890. What is the tens digit of i?
2
Suppose 2104 = 3*w + 5*q, 3*w = w + 2*q + 1408. Suppose 4*m - 35 = 4*d - w, 0 = 5*d - m - 831. What is the tens digit of d?
6
Let j be (-2)/4*0 - 0. Let t be 3*4/3*3/4. Suppose -4*c + 3*c - 73 = -5*o, j = 2*o - t*c - 37. What is the units digit of o?
4
Suppose -7*u - 10 = -2*u, -2*u + 3532 = 2*i. What is the thousands digit of i?
1
Let n = 14 + -11. Let w(k) = 15*k - 9. What is the tens digit of w(n)?
3
Let t = 243 + 251. What is the tens digit of t?
9
Suppose 339 - 60 = 3*v + 3*s, 3*s - 91 = -v. Suppose -4*w + v = 3*p, -p + w + 4*w = -63. What is the tens digit of p?
3
Suppose 3*s - c = -6 + 17, -3*c + 3 = 0. Let r be (-971)/s - 6/24. What is the units digit of (-3)/2 + r/(-18)?
2
Let a be (2/(-6))/(1/(-9)). Suppose 4*x - 98 = -2*y, 5*x = a*y + x - 167. What is the tens digit of y?
5
Let j be ((-2)/(-2) + 3)/(16 + -15). What is the units digit of 47*(5 - (8 - j))?
7
Let v be 38/133 + (-9)/7 - -3. Suppose v*w = 35 + 251. What is the hundreds digit of w?
1
Let g = 2 - 4. Let f be (g/2)/(5/(-20)). Suppose 0 = f*u - 17 + 1. What is the units digit of u?
4
Let l be (-16)/(-3) + 8/12. Suppose 8*j - 118 = -l. What is the units digit of j?
4
Let l = 329 - 147. Suppose -4*j = -70 - l. What is the tens digit of j?
6
Suppose 12*p + 1920 = 6480. What is the hundreds digit of p?
3
Suppose -76*l + 46192 = -53064. What is the hundreds digit of l?
3
Suppose -18 = -6*j + 6. Let u be 3/(j - 85/25). Suppose 3*w = 9, u*t - 2*w - 288 = 2*w. What is the units digit of t?
0
Let n be (-8)/20*30/(-3). Let a be ((-3)/n)/((-13)/520). Let o = a - 14. What is the tens digit of o?
1
Let c(h) = -3*h - 6. Let z be c(8). Let q = z + 58. What is the tens digit of q?
2
Let n(v) = v - 5. Let q be n(5). Suppose q*a = 5*a - 450. Suppose -a = -3*b - 5*g, 20 = 2*b - 4*g - 18. What is the tens digit of b?
2
Suppose 5*c + 2*o + 0*o = 113, 4*o = 16. What is the units digit of c?
1
Suppose 2*k + 3*w + 0*w + 43 = 0, 16 = -k + 4*w. Let q = k + 18. What is the units digit of (q/(-6))/(5/255)?
7
Suppose -3*q = -66 + 72, 0 = -5*s + 2*q + 32064. What is the tens digit of s?
1
Suppose 0 = -3*u + 6*u - 12. Suppose -2*r = -x - 12, -x - u*r + 11 = -7. What is the units digit of (204/30)/(x/(-10))?
4
Let o = -314 + 700. What is the units digit of o?
6
Suppose 16 = -4*i, 6*i - 4*i = 4*j - 28. Suppose -j = 2*l - 15, 3*k + 4*l - 155 = 0. What is the tens digit of k?
4
Let v(n) = n**2 - 8*n - 8. Let y be v(11). Let u = y + -15. What is the units digit of u?
0
Let r be (0 + 5)/5 + 4. What